3463. Calculate r(-72).
79
Let x(l) = -515*l - 70396. What is x(-137)?
159
Let o(t) = t**2 + 3222*t + 73126. Calculate o(-23).
-451
Let c(d) = -3442*d - 1286. Give c(-1).
2156
Let s(d) = -d**3 - 101*d**2 - 439*d + 790. Calculate s(-6).
4
Let u(s) = 120*s**2 + 1150*s + 2168. What is u(-7)?
-2
Let q(s) = 210*s**2 - 150*s + 414. Give q(3).
1854
Let a(f) = -3*f**2 + 356*f + 7312. What is a(-18)?
-68
Let g(h) = -16*h**3 - 496*h**2 + 1521*h - 11. Calculate g(3).
-344
Let b(u) = u**3 + 1833*u**2 + 7299*u - 100. Calculate b(-4).
-32
Let p(m) = 4*m**3 + 7083*m**2 - 1359*m + 729667. Give p(-1771).
15
Let m(k) = 1559*k - 236954. What is m(152)?
14
Let o(h) = h**3 + 17*h**2 + 7*h + 1031. Calculate o(-18).
581
Let w(k) = 3365*k**3 - 27*k**2 - 3*k - 5. Give w(-1).
-3394
Let b(n) = -n**2 - 108*n + 8796. Determine b(-155).
1511
Let k(v) = -78*v - 31364. Determine k(-401).
-86
Let q(d) = d**2 + 730*d - 43162. Calculate q(55).
13
Let n(q) = -q**3 + 21*q**2 + 36*q - 21. Calculate n(13).
1799
Let k(u) = -u**3 + 57*u**2 + 20*u + 61. Calculate k(55).
7211
Let b(o) = -7*o**3 - 60*o**2 - 541*o - 2080. Calculate b(-5).
0
Let u(x) = -68*x**2 + 41*x + 191. Calculate u(-10).
-7019
Let n(t) = -32*t**3 + 257*t**2 + 24*t - 33. Calculate n(8).
223
Let g(o) = o**3 + 75*o**2 + 1420*o + 782. Determine g(-40).
-18
Let t(j) = 5935*j**2 - 77139*j - 208. What is t(13)?
0
Let t(b) = 2*b**3 + 16*b**2 - 1018*b - 7063. Calculate t(-7).
161
Let t(u) = u**2 - 74*u + 1033. What is t(16)?
105
Let q(u) = -36*u**3 + 975*u**2 - 81*u + 28. Calculate q(27).
28
Let s(x) = x**3 - 20*x**2 + 164*x - 73. Give s(11).
642
Let p(h) = 239*h**2 - 314*h + 26. Calculate p(1).
-49
Let f(h) = -2*h**3 + 410*h**2 + 583*h - 35299. Calculate f(206).
-73
Let w(t) = -2*t**2 + 152756*t + 6725164. What is w(-44)?
28
Let b(u) = -3065*u + 885734. Determine b(289).
-51
Let u(h) = 3439*h + 13974. What is u(-4)?
218
Let m(p) = -21*p + 987. Give m(49).
-42
Let d(y) = 1696*y + 613972. Calculate d(-362).
20
Let a(y) = y**3 + 63*y**2 + 859*y - 135. Give a(-42).
831
Let z(a) = 1559*a - 236968. Determine z(152).
0
Let w(s) = s**3 + 17*s**2 - 142*s - 2572. What is w(-14)?
4
Let c(o) = -753*o + 1267. Give c(1).
514
Let x(k) = -28*k**2 + 1613*k - 16208. Determine x(13).
29
Let t(d) = 4*d**2 - 254*d + 1587. Calculate t(7).
5
Let g(w) = -w**2 + 108*w + 5186. Determine g(144).
2
Let d(y) = -3*y**2 - 15*y + 1202. Determine d(0).
1202
Let p(s) = 5115*s + 35827. Give p(-7).
22
Let x(t) = t**3 - 248*t**2 + 4350*t + 1. What is x(19)?
-18
Let l(c) = c**3 + 83*c**2 - 1449*c - 114662. What is l(-84)?
-2
Let d(u) = -u**3 - 19*u**2 + 37*u + 56. Calculate d(-1).
1
Let u(y) = y**3 + 29*y**2 - 19*y - 705. Give u(-5).
-10
Let g(i) = -i**3 + 22*i**2 - 82*i + 2449. Calculate g(23).
34
Let j(y) = 2*y**3 - 2*y**2 + 38*y - 34. Give j(2).
50
Let q(u) = -u**2 + 118*u + 7339. What is q(-45)?
4
Let f(t) = -78926*t + 1026045. Determine f(13).
7
Let v(f) = -f**3 + 111*f**2 + 4450*f - 477304. Give v(113).
8
Let m(l) = -l**3 + 296*l**2 + 2205*l - 25450. Calculate m(303).
2
Let r(f) = -599*f + 29119. Determine r(52).
-2029
Let q(i) = 46*i**2 - 389*i - 2845. What is q(-7)?
2132
Let k(a) = -3*a**2 + 448*a - 9360. Determine k(124).
64
Let n(t) = 14481*t + 15121. Calculate n(-1).
640
Let y(j) = 32*j**2 + 16*j - 71. Calculate y(11).
3977
Let a(s) = s**2 + 1532*s + 25785. Determine a(-17).
30
Let n(c) = -1883*c + 177027. Give n(94).
25
Let s(f) = -5196*f - 3237099. Determine s(-623).
9
Let g(r) = -r**3 - 47*r**2 - 89*r + 51. What is g(-45)?
6
Let n(j) = -6*j**2 - 4778*j - 3. Determine n(0).
-3
Let l(t) = 16958*t**2 + 33934*t + 4. Give l(-2).
-32
Let s(h) = 42*h + 2125. Determine s(-13).
1579
Let x(a) = -8*a**2 - 353*a - 56. What is x(-42)?
658
Let y(w) = 74*w + 2211. Determine y(-30).
-9
Let f(p) = -p**2 + 735*p + 16290. Give f(-22).
-364
Let g(i) = -41*i**2 - 2308*i - 281. Determine g(-57).
-1934
Let l(w) = -31*w - 1845. What is l(-39)?
-636
Let u(s) = 1965241*s - 11791468. Calculate u(6).
-22
Let f(h) = 579*h + 31432. Give f(-54).
166
Let z(h) = -h**3 + 6*h**2 - 118*h + 880. Calculate z(11).
-1023
Let y(r) = -5*r**2 - 8049*r + 24172. Calculate y(3).
-20
Let d(r) = -r**3 + 6*r**2 + 8*r + 866. Calculate d(0).
866
Let t(v) = v**3 - 442*v**2 + 1349*v - 400422. Calculate t(441).
6
Let f(s) = -3*s**2 + 66*s - 207. What is f(11)?
156
Let l(q) = 3*q**3 - 19*q**2 + 87. Give l(5).
-13
Let x(t) = -66*t**3 + 12*t**2 + 32*t - 3. Calculate x(-2).
509
Let z(s) = 1560*s - 13361. What is z(8)?
-881
Let s(u) = -2*u**2 + 677*u - 442. What is s(0)?
-442
Let z(y) = 2*y**2 - 3190*y - 77722. Calculate z(1619).
-10
Let s(o) = -1154*o - 9336. Give s(-8).
-104
Let s(n) = 2*n**3 + 8*n**2 - 2452*n - 9845. What is s(-4)?
-37
Let x(v) = 169*v**2 - 65*v + 64. Calculate x(1).
168
Let y(l) = -2088*l + 8165. Give y(4).
-187
Let b(n) = 2*n**3 - 49*n**2 - 1115*n + 1096. What is b(-15)?
46
Let i(b) = -94417*b + 2738198. Determine i(29).
105
Let o(x) = 1372*x - 5213. Calculate o(4).
275
Let f(z) = 3*z**3 - 26*z**2 + 101*z - 45. What is f(4)?
135
Let a(w) = -13*w**2 + 3292*w + 41428. Give a(-12).
52
Let l(b) = b**3 - 54*b**2 + 698*b + 657. Calculate l(30).
-3
Let u(s) = -s**3 - 36*s**2 - 41*s + 2771. What is u(-31)?
-763
Let r(g) = g**2 - 25477*g + 127338. Give r(5).
-22
Let z(c) = -5978*c - 1207579. Calculate z(-202).
-23
Let u(h) = 11*h**2 + 2572*h + 4474. What is u(-232)?
-166
Let p(l) = -61852*l - 1360735. Determine p(-22).
9
Let q(s) = 2209*s - 683. Give q(-1).
-2892
Let d(v) = v**3 + 73*v**2 - 225*v + 135. Determine d(-76).
-93
Let v(m) = -4*m**2 + 105*m - 350. Determine v(30).
-800
Let l(t) = -19*t**2 - 53*t + 1926. Give l(-26).
-9540
Let y(k) = k**3 - 65*k**2 + 730*k - 163. What is y(14)?
61
Let q(b) = -b**3 - 47*b**2 - 132*b - 5265. Determine q(-47).
939
Let d(g) = 6556*g - 7087. Give d(1).
-531
Let w(z) = -137*z - 3721. What is w(-24)?
-433
Let d(t) = -t**2 + 1147*t + 5762. What is d(-5)?
2
Let p(a) = 36*a**3 - 5*a**2 - 63*a - 208. Calculate p(-4).
-2340
Let w(y) = -2*y**3 - 63*y**2 - 135*y + 194. Give w(-29).
-96
Let f(j) = 5*j**2 + 2924*j + 11687. Give f(-4).
71
Let n(v) = -v**3 - 2*v**2 - 2384*v - 14390. Give n(-6).
58
Let d(r) = -r**3 - 11*r**2 + 69*r + 220. Determine d(-16).
396
Let g(s) = -33754*s + 67513. Give g(2).
5
Let o(v) = -1144*v + 226514. Calculate o(198).
2
Let q(h) = 5789*h + 434192. Determine q(-75).
17
Let a(g) = 12*g**2 + 1050*g + 8245. Give a(-8).
613
Let v(c) = 20*c**2 - 11*c + 23. Determine v(2).
81
Let a(h) = h**3 - 44*h**2 + 459*h - 702. Calculate a(28).
-394
Let y(q) = -29184*q - 17977350. What is y(-616)?
-6
Let t(b) = 1008587*b + 5. Determine t(0).
5
Let k(a) = a**2 - 36457*a - 948562. Determine k(-26).
-4
Let g(c) = -c**3 - 14*c**2 + 555*c + 8560. Calculate g(-21).
-8
Let i(b) = -5*b**3 + 43*b**2 - 124*b + 64. Determine i(8).
-736
Let c(w) = 2*w**3 + 98*w + 1314. What is c(-11)?
-2426
Let d(z) = 4*z**2 - 33*z + 435. What is d(11)?
556
Let t(l) = -1762*l**2 + 3520*l - 9. Give t(2).
-17
Let s(f) = 4653*f + 13890. Determine s(-3).
-69
Let w(n) = n**2 - 3703*n + 293344. Determine w(81).
-38
Let a(b) = -350*b + 39888. Calculate a(114).
-12
Let w(v) = -v**3 - 10695*v**2 + 182101*v + 57. Calculate w(17).
6
Let j(m) = m**3 + 7955*m**2 - 143425*m - 1598. What is j(18)?
4
Let m(l) = 3760*l - 3758. Give m(1).
2
Let n(a) = -a**3 - 126*a**2 - 2585*a + 1430. Calculate n(-100).
-70
Let j(x) = 1845*x**3 + x**2 + 155*x - 156. Give j(1).
1845
Let v(h) = -154*h - 24216. What is v(-163)?
886
Let y(i) = -19*i - 947. Calculate y(-13).
-700
Let a(m) = 63*m**3 + 6*m**2 - 25*m + 1. Give a(3).
1681
Let x(t) = -22821*t + 319245. Give x(14).
-249
Let o(f) = -11*f**2 + 278*f - 1642. Calculate o(10).
38
Let q(c) = 62763*c + 188280. What is q(-3)?
-9
Let p(x) = -2*x**2 - 11878*x + 322253. Calculate p(27).
89
Let z(g) = 2039*g - 22447. Determine z(11).
-18
Let g(p) = -p**2 - 101*p - 1516. Calculate g(-60).
944
Let v(d) = d**3 + 14*d**2 - 270*d - 687. Determine v(-24).
33
Let x(l) = -50*l - 134. Give x(-5).
116
Let d(c) = 6*c**3 + 8*c**2 - 122*c + 160. What is d(5)?
500
Let f(s) = 764*s - 29790. Give f(39).
6
Let r(t) = -t**3 + 104*t**2 - 182*t - 2188. Give r(102).
56
Let s(t) = -933*t - 16947. Determine s(-20).
1713
Let z(m) = m**3 - 5*m**2 + 2762*m - 736. What is z(0)?
-736
Let s(d) = -d**